14. Suppose 3*x + 887 = 3*g + 257, 0 = -g - 3*x + h. Is g composite?
True
Suppose -13*y + 0*y - 55276 = 0. Let c = 8049 + y. Is c prime?
True
Let w(m) = m**2 + 30*m + 85. Let y be w(-27). Suppose -3*t + c = -13602, 0 = 3*t - c + y*c - 13590. Is t composite?
True
Suppose 2*y = 4*y - 2, -5*y = 3*r - 23. Suppose 0 = 5*o - 2*w - 19646, 6892 = 3*o - 3*w - 4892. Suppose 0 = r*k - 8388 - o. Is k a prime number?
True
Suppose 4*u = 10 - 6. Suppose -2*b = 3*g - 14, -u = -3*b + 11. Suppose 53 = -x + g*x. Is x composite?
False
Let i(d) = 12*d + 172. Let v be i(-14). Is v/(-56)*-2 - 1361744/(-56) prime?
True
Suppose 43619 = -8*q - 4573. Let j = q - -20305. Is j prime?
True
Let o(d) be the second derivative of 1/12*d**4 + 1/3*d**3 - 1/20*d**5 + 0 - 7*d + 479/2*d**2. Is o(0) composite?
False
Let k(v) = 8*v + 68. Let j be k(-9). Is -2253*(2/j)/(20/40) a composite number?
True
Let b(m) = 80861*m + 1781. Is b(12) composite?
False
Let z = -12346 - -62169. Suppose 35920 + z = 9*u. Is u a prime number?
False
Let m = -31832 + 58339. Is m composite?
True
Suppose -2*c = -390*x + 394*x - 5332690, 2*x - 2*c = 2666324. Is x composite?
False
Let p(x) = -65*x**2 + 5*x. Let r = -50 - -54. Let j be p(r). Let s = j + 2233. Is s prime?
True
Let t be (5 - 0)/((-25)/(-10)). Let h(m) = -m**2 + 5*m + 4. Let g be h(6). Is 209*(-1)/g*t prime?
False
Let y = -1910 + 4753. Is y composite?
False
Suppose 10*w - 9977 + 51877 = 0. Let t = 11793 + w. Is t a composite number?
False
Suppose -19*y + 18*y + 1 = 0. Is y/((-44)/16 - -3) + 1843 a composite number?
False
Suppose 82*o = 4*t + 87*o - 66591, -16650 = -t + o. Is t a composite number?
False
Let a = -55484 + 411375. Is a a prime number?
True
Let r(n) = -429*n + 611. Let u(l) = 215*l - 309. Let t(d) = -4*r(d) - 7*u(d). Is t(24) composite?
False
Let k = 48954 - -23257. Is k prime?
True
Let y = 113 - 109. Suppose -3*x - 10 = 2*x, -y*x = -2*d + 3906. Is d a composite number?
False
Let m(p) = -2*p**2 + 23*p - 5. Let q be m(11). Let z be 74/14 - (q/21 - 0). Suppose 3*o - 689 = -f + 305, 3*o - 4910 = -z*f. Is f a prime number?
False
Let h = 1018 - 714. Let k = -12 + 17. Suppose u - x + 2*x - h = 0, -k*u - 2*x = -1529. Is u a prime number?
True
Let c(m) = 1612*m**2 + 204*m + 997. Is c(-5) prime?
True
Suppose -4963507 + 2409488 - 11656595 = -11*j. Is j composite?
True
Suppose 25*k + 261400 = 30*k. Suppose -871 = -7*f + k. Is f a prime number?
False
Suppose -2*n - 2*n = 524. Let z = n + 200. Is z composite?
True
Let k(s) = 9099*s + 781. Is k(2) prime?
True
Suppose 235*x = -370*x + 192*x + 177669709. Is x a composite number?
False
Is (2236/78 + -29)*(-2 + -392809) a composite number?
True
Suppose -3322748 + 1040698 = -25*z. Is z a prime number?
False
Let g(a) = 196539*a**2 - 48*a + 50. Is g(1) a prime number?
True
Let d be 2288 + -6*(-2 + (-10)/(-4)). Let z = -1084 + d. Is z prime?
True
Let a be ((-2924)/(-12))/((-7)/2751). Let d = 317305 + a. Is (-4)/22 + d/264 a prime number?
True
Let j(i) = -129*i - 55. Let l(w) = 258*w + 111. Let y(v) = -5*j(v) - 3*l(v). Let h be y(-12). Suppose -2204 = -c + h. Is c prime?
False
Let w(s) = s**3 + 31*s**2 + 72*s + 137. Let a be w(-29). Let p = a - -486. Is p prime?
False
Suppose 2*v = -2*h, -5*v = 6*h - 9*h + 24. Suppose 5*q - 8886 - 190 = -h*z, 0 = -5*z + 2*q + 15075. Is z prime?
False
Let c(n) = -2*n**2 + 5*n - 66. Let f be c(-16). Let q = f - -1037. Is q a prime number?
True
Let l = 10 - 13. Let p = l - -4. Is (33/(-6) - -2)/(p/(-142)) a composite number?
True
Let x = -25077 + 84848. Is x a prime number?
True
Suppose -3*s + 67629 = -3*p, -5*p + 45107 = 37*s - 35*s. Is s a prime number?
False
Suppose 0 = 12*u - 5*u. Suppose -18*m + 4445 + 2485 = u. Suppose 21*w - m = 56. Is w a prime number?
False
Let i be ((-155)/(-62))/((-2)/4). Is ((-5)/i)/1*26 prime?
False
Suppose 57 = 2*v + 531. Let z be 4/(-14) - v/21. Suppose -z*k = -6102 - 883. Is k composite?
True
Let r = -162 + 183. Is 2353 + (6/r)/(3/42) a composite number?
False
Let x(y) = y**3 - 8*y**2 - 5*y + 15. Let n be x(6). Is ((-29)/n)/((-2)/(-13218)) composite?
False
Let f(p) = 29*p**3 + 2*p - 1. Let a be f(1). Let r be (-2)/(-8) + a/8. Is (-1)/r - 4698/(-8) composite?
False
Suppose 0 = 9*c + 54*c - 285278 - 385357. Is c a prime number?
False
Let r(c) = -12*c + 68. Let a be r(11). Let q = 69 + a. Suppose 744 = k + q*t + 1, 0 = -2*t - 4. Is k composite?
True
Suppose 7*x + 799651 = 11*x - 466833. Is x a composite number?
False
Let z(n) = 1 + 0*n**2 + 280*n**3 + 2*n + 0*n**2. Let j be z(2). Suppose j = 20*h - 15*h. Is h prime?
True
Let c = 44758 + -22023. Is c prime?
False
Suppose 298*l = 80*l - 1138831 + 23298749. Is l prime?
False
Let x(c) = c + 28. Let a be x(-24). Let m(i) be the third derivative of 11*i**6/30 + i**5/12 + i**4/24 - 13*i**3/6 + 10*i**2. Is m(a) composite?
False
Suppose 26287 - 173941 = -13*r. Suppose -10*z = 8*z - r. Is z prime?
True
Let g = 14244 - -335299. Is g a composite number?
True
Suppose -199489 = -38*v + 690205. Is v a prime number?
False
Let p = 2058 - -4556. Suppose p = 65*l - 63*l. Is l composite?
False
Let o = 554 - 534. Suppose 5996 = -o*f + 24376. Is f a composite number?
False
Is (-1550)/(-175) - 9 - 418230/(-7) prime?
True
Suppose -24*s + 485027 = -11549941. Is s a prime number?
False
Suppose -3*c + 5*d + 427076 = 0, -3*c + 427072 = -35*d + 34*d. Is c prime?
True
Let f = -45 + 48. Let d(k) = -k**f - 12*k - 14*k + 19*k**2 - 7 + 11*k. Is d(12) a prime number?
True
Let x(b) = -634*b - 444. Is x(-19) composite?
True
Let b(y) = -2433*y + 4. Let i(k) = -k - 1. Let p(v) = b(v) + 3*i(v). Let q = -1453 - -1452. Is p(q) a composite number?
False
Suppose -262*h + 5370897 = -241*h. Is h prime?
True
Let k = -48 + 47. Let f(i) = 161*i**3 - 3*i**2 - 2*i - 1. Let a be f(k). Let m = 870 + a. Is m a composite number?
True
Let l be 44/264 - 22/(-12). Suppose -5964 - 3397 = -3*x + l*s, -s = 4*x - 12463. Is x a prime number?
False
Is 469710/2 + 0 + (1/1 - 5) a prime number?
True
Suppose 0 = 4102*k - 4083*k - 109801. Is k a prime number?
True
Is (-7)/(-4)*16/56*142894 prime?
False
Let v be ((-10)/8)/((-1)/15)*56. Suppose -q = -4*q. Suppose -4*x + 2*s = -v, 262 = -q*x + x - s. Is x composite?
False
Suppose 19*z + k + 55 = 20*z, -206 = -4*z - 3*k. Suppose z*h = 54*h - 787. Is h prime?
True
Let l(d) = 31*d**3 - 2*d**2 - 9*d. Let m be l(8). Let u = -4516 - m. Is u/(-20) - 6/15 composite?
False
Let u(o) = 1736*o**3 + 4*o**2 - 20*o + 73. Is u(4) a prime number?
False
Let s be ((-2)/1 - 0) + -2*4. Let r = s + 14. Suppose 4*i = -r*i + 22456. Is i a composite number?
True
Suppose -47*a = -43*a - 320. Suppose 4*u - 5*k = 64, -6*k + a = 5*u - 5*k. Suppose 0 = 9*h - u*h + 11809. Is h composite?
True
Suppose -5*f - 22416 + 149056 = 0. Suppose 6*o = -4*j + 2*o + f, 6326 = j + 4*o. Is j a prime number?
False
Let j = -227977 - -428130. Is j composite?
False
Let i(l) = -2*l + 9. Let a be i(7). Let y be (-2)/(0 + -10) + 432/(-360). Is (-5710)/a + y*4 a prime number?
False
Suppose -d + 405 = -226. Suppose -2*r + d = 3*r - 2*s, -3*r + 373 = -4*s. Suppose -5*k + 513 = 3*y + r, 5*y + 3*k = 638. Is y a prime number?
True
Suppose 0 = -3*t - 4*v + 3050, 0*t = t + 3*v - 1010. Let f = t + -713. Suppose -f - 95 = -2*l. Is l a composite number?
True
Let f be -3 + 4 - (-70)/1. Suppose -4*c + 21 = -f. Is c prime?
True
Let l(m) = 5124*m - 881. Is l(86) prime?
False
Let g be (-22)/(-11)*(-50)/(-2). Let d = 72 + -35. Let z = d + g. Is z a prime number?
False
Let x = 6172 - 3715. Suppose -11*a = 2*b - 7*a - 1654, 2*a = 3*b - x. Is b a prime number?
True
Let y(p) = 498*p - 301. Is y(28) composite?
True
Let h be (-1)/((-916)/610 + 3/2). Is (11014 + 1)*(-12 + h/50) composite?
False
Suppose -w + 4 = -z, -9*w = -5*w - z - 4. Suppose o - 941 = -w*o. Is o composite?
False
Let i = 228 - 390. Let k = 7128 - 6869. Let d = i + k. Is d prime?
True
Let o = 45 + -24. Suppose -3*k = 4*k - o. Suppose -2*s + x + 2958 = 0, -2*x + 0*x = -k*s + 4435. Is s a composite number?
False
Is (-40)/(-820) + 371/(-41) - -637678 prime?
True
Let t(q) = -33*q + 5. Let i(d) = 65*d - 11. Let s(l) = -6*i(l) - 13*t(l). Let f be s(1). Suppose 0 = m - 5*m + f. Is m a composite number?
True
Let o(x) = 1468*x**2 - 3*x - 6. Let s be o(3). Let k = s - 6524. Is k a prime number?
True
Let h(b) = -4*b - 37 + 7 - 4*b + 